s(t) = 3*b(t) - 10*u(t). Calculate s(-4).
-14
Let l(v) = v**2 - 42*v**3 - 36*v**3 + 79*v**3. Let u(n) = -n**2 + 9*n - 2. Suppose 7*x = 67 - 4. Let y be u(x). Determine l(y).
-4
Let m(y) = 14*y + 34. Suppose -76*f = 103*f + 1253. Determine m(f).
-64
Let s(g) = -17*g**2 + 37. Let t(x) = 10*x**2 - 23. Let y(l) = 3*s(l) + 5*t(l). Let h(a) = -2*a - 2. Let j be h(-4). Give y(j).
-40
Let v(t) be the first derivative of -t**4/4 - 8*t**3/3 - 3*t - 4. Suppose -m - 2*p - 4 = 0, -m = m - 4*p + 24. What is v(m)?
-3
Let d = 20 - 15. Suppose -12 = 7*g - d*g. Let y(u) = 0*u - 16 - u + 2. Give y(g).
-8
Suppose 8 - 6 = -4*b + 18. Let k(g) = -g**3 + 3*g**2 + 4*g - 1. Give k(b).
-1
Let u(j) be the second derivative of -8*j**3/3 + 3*j**2/2 + 8*j - 27. What is u(-2)?
35
Let y(v) = 36*v - 547. Let l be 44*(-3)/60*-10 - (-3 + 10). Give y(l).
-7
Let j(l) = -l - 4367313 + 0*l + 4367313 - 2*l. Let a = 9 - -1. Suppose -x = 4*d + 5, 4*x - 2*x + d = -a. What is j(x)?
15
Let q be (-5)/15 + (-74)/(-6). Let l be (1 + 2)*32/q. Let x(i) = -i**3 + 7*i**2 + 9*i + 3. What is x(l)?
11
Let w(y) = y**3 + 7*y**2 + 9 - y**2 - 9*y**2 + 7*y - 12*y. Let u be w(4). Let i(p) = p - 1. Let b(a) = -8*a + 9. Let n(x) = -b(x) - 4*i(x). Give n(u).
15
Let r(k) = -k**2 + 9*k + 15. Let b be r(11). Let c be (b - (1 + -4)) + (-4)/4. Let q be c*(-42)/15*(-2)/(-4). Let z(d) = -d**2 + 7*d - 8. Calculate z(q).
-8
Let n(i) = -i**3 + 13*i**2 + 10. Let w be (4 - 2) + 13/((-130)/(-110)). Calculate n(w).
10
Let c(l) be the third derivative of 38 + 3/2*l**3 - 7/60*l**5 - 1/12*l**4 + 1/120*l**6 + 0*l - 2*l**2. Determine c(7).
-5
Suppose u = 3*b - 4*u - 60, 2*b - 59 = -3*u. Suppose b = 15*v - 50. Let q(g) be the second derivative of g**5/20 - g**4/2 + 7*g**3/6 - 7*g**2/2 + g. Give q(v).
3
Suppose 4*b = 4*g + 8, -2*g = -25*b + 24*b + 7. Let t be 0/10*b*(-2)/(-6). Let f(k) = -k**3 + k**2 - k + 4. Determine f(t).
4
Let l(s) = -27323*s**2 + 29*s**3 - 8*s - 3 - 28*s**3 + 27317*s**2. Give l(7).
-10
Let q be 0/((((-4)/(-12))/1)/((-15)/(-45))). Let s(n) = -7*n + 26. What is s(q)?
26
Suppose -22 = -133*f + 143*f + 8. Let n(x) = 30*x + 88. Calculate n(f).
-2
Let g(t) be the first derivative of -2*t**3/3 - 12*t**2 - 108*t + 882. Give g(-5).
-38
Let c(u) = -3*u**2 + 21*u. Let z(r) = 110*r - 653. Let s be z(6). What is c(s)?
0
Let f(s) = -1050 - s**2 + 2091 + 8*s - 1047. Suppose -3*k = 2*c - 7*k, 4*c - 5*k + 6 = 0. Let y = c + 10. What is f(y)?
6
Suppose -2*n + 8*q + 4 = 4*q, -3*n = q + 8. Let t be 0 - (n + 8 - -2). Let h(v) = -v**3 - 6*v**2 + 17*v + 17. What is h(t)?
9
Let f(c) = -c**2 - 11*c - 4. Let o(t) = -32*t**3 + 2*t**2 + t - 2. Let d be o(-1). Suppose 2*z + d = -2*z - 3*m, -3*m + 29 = -2*z. What is f(z)?
6
Let b(y) be the first derivative of -2*y**2 + 6 - 2*y + 0*y - 5. Let w(t) = t**2 + 8980*t + 259573. Let z be w(-29). Determine b(z).
22
Let w(g) = 3*g**2 - 18*g - 17. Let t(s) = -412*s + 2891. Let q be t(7). What is w(q)?
4
Suppose 5*u - 5 = 15. Suppose -u*d = d - 10. Let s(f) = 3*f**d - f**3 + 64*f - 4 + 67*f - 129*f. Calculate s(4).
-12
Let x(o) = 2*o**3 - 20*o**2 - 1. Let a be 167 + 8/(-6)*6/(-4). Let c = a - 159. Give x(c).
-1
Let p(g) be the first derivative of g**4/4 - 3*g**3 - 11*g**2/2 + 6*g - 291. Let j = 39 + -29. Give p(j).
-4
Suppose -1477*p + 1494*p = 357. Let n(d) = -3*d + 65. Determine n(p).
2
Let g = 38 - -404. Let c = -445 + g. Let a(t) = t**2 - 2*t - 3. Determine a(c).
12
Let m = -20428 + 20426. Let k(p) = -4*p - 35. What is k(m)?
-27
Let g(r) = 7*r**2 - 2*r - 1. Let o be g(-1). Let y(k) = 0 - 1 - k + o*k + 0. Let w(j) = 3*j. Let s(a) = 9*w(a) - 4*y(a). What is s(6)?
-2
Let z(p) = -1 - 5 + 10 - 12*p + 1 - 26. What is z(-4)?
27
Suppose -4*r = 5*g - 17 - 7, 3*r + 5*g = 18. Let l(p) = p**3 - 2*p**2 + 15*p - 236. Let f(w) = -w**2 - 3*w + 55. Let v(i) = 4*f(i) + l(i). Determine v(r).
2
Let c = -82 + 81. Let w be (5 + c)/(60/(-35) - -2). Let k be (-21)/w*-2*(-15)/9. Let u(g) = -g**2 - 4*g - 2. Calculate u(k).
-7
Suppose -110 = -27*r + 32*r. Let z = r + 22. Let x(h) = 0 - 3 - 2 + h - 1. Calculate x(z).
-6
Let c(y) = -y**3 - 6*y**2 - 4*y + 4. Let a(q) = -q**3 + 22*q**2 + 2*q - 20. Let j be a(22). Let u = 64 - j. Let n = -45 + u. Give c(n).
-1
Suppose c = 5*w - 27, 3*w + 3 = 2*w + 3*c. Let u be (-3)/(w - 3)*(-2)/1. Let s(v) = 5 - 4*v - 107*v**u - 6 + 106*v**2. What is s(-2)?
3
Let s be (267/(-89) + (-8)/(-3))*(1 - 28). Let b(t) = -t**2 + 8*t - 7. Determine b(s).
-16
Let r be 4*(-18)/12 - (-2 + 2 + -5). Let j(n) = -19*n - 1. Calculate j(r).
18
Let m(u) = 53*u**3 + 5*u**2 + 60*u + 113. Let s(g) = 49*g**3 + 7*g**2 + 58*g + 111. Let b(t) = 12*m(t) - 13*s(t). Determine b(-30).
33
Suppose -6*r - 49 = 3*r + 50. Let y(w) = w**2 + 17*w + 71. Give y(r).
5
Let q(t) be the third derivative of -3*t**6/40 + t**5/12 - t**4/8 - t**3/6 - 8*t**2 + 291*t. What is q(1)?
-8
Let f(l) = 84*l - 68*l - 14*l. Suppose -5*c + 3*h + 3 = -12, 5*c = -h - 5. Suppose -8*a + 6*a + 10 = c. Calculate f(a).
10
Let i(b) = -39*b**2 + 7*b**2 + 9 + 20*b**2 + 14*b**2 - 7*b. Determine i(3).
6
Let r(d) be the first derivative of -2*d**3/3 - d**2/2 + 540*d - 53. Let u(n) be the first derivative of r(n). Let b be ((-2)/(-4))/((-2)/4). What is u(b)?
3
Suppose -3*p + 27 = 3*d, 3 = 2*d - 0*d - p. Let h(t) = -7*t + 10*t + 1 - 6*t + 4*t. Let v(o) = o**2 - o + 2. Let s(c) = -3*h(c) + v(c). Calculate s(d).
-1
Let n(q) = -24*q**2 - 476*q + 86. Let j be n(-20). Let m(v) = 2 + 5*v + v - v**2 + 2. What is m(j)?
4
Suppose -21*p = -6913 + 19954. Let l = p - -613. Let v(w) = 8*w**2 + 0*w + w + 2 + 1 + w**3. What is v(l)?
-5
Let h(q) be the first derivative of -q**5/60 + q**4/6 - 17*q**2/2 + 25. Let k(t) be the second derivative of h(t). Let x be (0 + 1 + -6)*(1 - 2). Give k(x).
-5
Let q(k) = k**3 - k**2 + 2*k - 1. Suppose -23*m + 28*m - 3 = -h, 0 = -3*m + 4*h + 34. Determine q(m).
7
Let m(i) = 13*i - 5. Let n = -34072 + 34066. Determine m(n).
-83
Let z(k) = 26727 - 26745 + 5*k**2 + k**3 - k + k**2. Calculate z(-5).
12
Let s = -491 - -491. Let w(z) be the second derivative of z**4/12 - z**3/2 + 7*z**2/2 - 223*z. Calculate w(s).
7
Let o(m) = m**3 + 5*m**2 - 8*m - 7. Let i be ((-12)/(-5))/((-88)/(-220)). Let p be i/((-2)/(-8)*-4). Determine o(p).
5
Suppose -c = -5*a - 0*a + 15, 0 = 5*a + 3*c - 15. Suppose -a*i - 4*i = -8*i. Suppose 6*g + 20 + 4 = i. Let w(k) = -k - 8. Give w(g).
-4
Let q(b) = -2*b**3 - 3*b**2 - b - 1. Let d be 5 + -17 + 3 + 8/1. Give q(d).
-1
Let x = 235 + -381. Let l = x + 150. Let i(y) = 3*y - 10. Calculate i(l).
2
Let d(x) = 16*x. Let m(q) = 2*q**2 + 2*q**2 + q**2 + 7 - q**3 - 8*q. Let a(c) = -106*c + 2547. Let u be a(24). Let y be m(u). Calculate d(y).
16
Let p(r) be the second derivative of -4 + 3*r + 0*r**4 - 1/20*r**5 - 1/6*r**3 + 1/2*r**2. Give p(0).
1
Let t(c) = 20*c**2 + 46*c - 160. Let x(a) = -a**2 - 10*a + 25. Let r(v) = v**2 - v - 1. Let g(z) = 2*r(z) - x(z). Let h(b) = -13*g(b) + 2*t(b). Give h(9).
4
Let g(q) be the first derivative of -q**3/3 + 3*q**2 + 2*q - 5996. Let o(n) = -7*n. Let k be o(-1). What is g(k)?
-5
Let w(a) = 19 - 6 - 15 + 4*a**2 - 2*a**3 + 3*a**3. Suppose -11*j - 27 = 6. Determine w(j).
7
Let q(j) = 6*j + 6. Let o(s) = -3*s - 1. Let a(b) = 3*b - 37. Let u be a(13). Let h(l) = u*q(l) + 5*o(l). Give h(9).
-20
Let h(q) be the first derivative of q**2/2 - 5*q + 2. Let m be (-1)/(115/(-40) + -7 + 10). Give h(m).
-13
Let z(o) = 17*o + 2*o + 19*o**2 + 137 + 135 + 114 - 387 - o**3. What is z(20)?
-21
Let u(v) = v**3 - 2*v**2 - 2*v + 2. Suppose -2*p + 0 - 306 = 0. Let t = -151 - p. Determine u(t).
-2
Let v(i) = -5*i - 2. Let j(m) = 20*m - 33. Let p(h) = -j(h) - 5*v(h). Give p(-12).
-17
Let g(z) be the first derivative of -z**2/2 - 24*z + 5. Suppose -30 = -1751*f + 1754*f. Calculate g(f).
-14
Let m(f) be the third derivative of f**5/30 - f**4/3 + f**3/2 + 2823*f**2. Let u = 6 - 3. Determine m(u).
-3
Let y(h) = h**3 - 8*h**2 + 4*h + 5. Suppose -4*t + 630 = 2*v, t - 1 = -0*t. Let j = v - 306. Determine y(j).
-16
Let t(d) = -10*d. Let i = 57 - 18. Let u = 43 - i. Suppose -2 = -6*q + u. Calculate t(q).
-10
Let i(j) = 2*j - 1. Let m be i(-8). Let g(y) = -9 - 1944*y + 2 + 7 + 1945*y + 8. Calculate g(m).
-9
Let d(r) = r - 4. Let q = 13 - 9. Let g be (-1 + 6/(-6))*(-5 - -3). Suppose g*h - 5*o = 8, -q = h - o - 5. Calculate d(h).
-7
L